et f(q) be the first derivative of -3/2*q**2 + 1/3*q**i + 8 + 6*q. Determine f(4).
10
Let m(j) = 4 + 2*j - 20 + 35. Let u be m(-5). Let k(z) = 3*z**2 - 12*z - 11*z**2 + 9*z**2 + 4*z - 6. Give k(u).
3
Let s(p) = -p**3 - 8*p**2 + 8*p + 6. Let m be (24/(-312))/(4/(-26))*8. Let h be (m*(-12)/(-24))/(2/(-8)). What is s(h)?
-58
Let y(t) be the second derivative of -t**5/20 + t**4/12 + 5*t**3/6 - t**2 + 32*t - 29. Determine y(-2).
0
Let v = 17 + -19. Let k(d) = d**2. Let j be k(v). Let h = j + -3. Let m(f) = -3*f**2 + 1. Calculate m(h).
-2
Let a(q) = 16*q**2 + 20*q + 20. Let b be 2/4 - (-42)/4. Let x(k) = -3*k**2 - 4*k - 4. Let l(r) = b*x(r) + 2*a(r). Determine l(-3).
-1
Let b = 293 + -247. Suppose 56 = -17*d - b. Let f(g) = g**2 + 6*g - 7. Calculate f(d).
-7
Let h(l) = -6 + 4782*l + 9 + 5*l**3 - 4777*l - 6*l**3. What is h(3)?
-9
Let l(a) = a**2 + a - 5. Suppose 185*y = 190*y - 605. Let p = 121 - y. Give l(p).
-5
Let t(d) = -21*d - 10. Let x(p) = 8*p + 4. Let f(k) = 2*t(k) + 5*x(k). Let q = -1 - -1. Suppose q = -2*r + 8. Determine f(r).
-8
Let q = 17 + -15. Let v(s) = 2*s**2 + 1. Let a be v(1). Let d(k) = a - 4 - 3*k + q + 2*k. Determine d(4).
-3
Let l(h) be the first derivative of -h**7/840 + h**6/36 + 11*h**5/120 + 5*h**4/8 + h**3 - h + 213. Let s(x) be the third derivative of l(x). Give s(11).
15
Let b(v) = -7 + v**2 + 3 - 7*v - 30*v**3 + 18*v**3 - 4*v**2 + 11*v**3. Determine b(-4).
40
Let k(b) = -2*b - 63. Let g be (-2)/((-10)/(-149)) + 2096/2620. Calculate k(g).
-5
Let g(d) = 2*d + 3949 + 6*d - 3950. Suppose 4*n + 5*z + 0 + 3 = 0, -10 = 4*n - 2*z. Determine g(n).
-17
Let p(i) be the second derivative of -i**4/4 + 47*i**3/3 - 29*i**2/2 - 98*i + 45. What is p(31)?
2
Let o(v) = -79*v - 15. Let i be o(-2). Let j(l) = -l**3 + 287*l**2 - i*l**2 + 3 - 140*l**2 - 3*l. Calculate j(4).
-9
Let v(l) = l + 13. Let c be v(2). Suppose 0 = k + 3*q + c, 4*k + 4 = 9*q - 7*q. Let m(w) = w + 3. Determine m(k).
0
Let u(x) be the first derivative of 7/2*x**2 + 24 + 16*x + 1/6*x**3. Let n(i) be the first derivative of u(i). Determine n(-9).
-2
Let p(w) = -4*w - 5*w**2 - 2*w**3 - 2 - 1 + w**2. Let v(q) be the first derivative of q**4/2 - 2*q**3 + 3*q**2/2 + 20. Let h be v(2). Give p(h).
5
Let r(g) = -g**2 - 5*g + 3. Suppose 19*q = 2*q + 34. Suppose -w - 2*p = 6, q*w + 8*p + 12 = 9*p. What is r(w)?
-3
Let s(m) be the third derivative of m**6/120 - m**5/60 + m**4/24 + 7*m**3/6 - 2377*m**2 + 2. What is s(2)?
13
Suppose -12 + 15 = o. Let p(z) = -4*z**2 + o*z**2 - 2 + z + 3*z + 9. Suppose 6*i = 3*i + 21. What is p(i)?
-14
Let l be ((-2)/(-5))/(553/(-280) + 2). Suppose -s - 120 = -l*s. Let n(y) = 8*y + 1 + 2*y + 3*y**3 - 2*y**3 - 9*y**2. Calculate n(s).
17
Let h(p) = -27*p**2 - 74*p - 144. Let a(v) = 17*v**2 + 48*v + 96. Let u(t) = -8*a(t) - 5*h(t). Calculate u(-8).
0
Let i(x) = -7*x - 59. Let b(v) = 5*v + 59. Let q(m) = 3*b(m) + 2*i(m). Determine q(0).
59
Let t be (-2 - 8)/((4 + 2)/(-3)). Let k be (-910)/(-104) - 3/4. Let o(w) = -k*w + w**2 + 1 - 3 + 3*w. Give o(t).
-2
Let g(a) = a**2 - 4*a + 4. Let p be g(4). Suppose -l + p = 1. Let c(f) = -9 + 13 - 8 - f. Give c(l).
-7
Let o(a) = 9*a**2 + 6*a - 29. Let g(j) = -19*j**2 - 11*j + 53. Let b(w) = -6*g(w) - 11*o(w). Let f = 0 - -3. Let k be f/(-6)*2/1. What is b(k)?
16
Let k(c) be the third derivative of c**6/120 + 2*c**5/15 - 11*c**4/24 - 5*c**3/3 - 4098*c**2. Determine k(-9).
8
Let y(a) = 31*a. Suppose 0 = -3*s + 87 - 96. Give y(s).
-93
Suppose -11*c - 37 = -92. Let d(l) be the second derivative of l**3/3 + l**2/2 - 2*l. Give d(c).
11
Let a(g) = -5*g + 12. Suppose 41*o = 36*o - 5*p + 20, 4*p = o - 9. Calculate a(o).
-13
Let b(j) = 5*j + 3. Let f(g) = 29*g + 8. Let y(z) = 6*b(z) - f(z). Determine y(-7).
3
Let y be (-8)/(256/(-12)) - (-1395)/(-72). Let s(i) = i**2 + 18*i - 24. Give s(y).
-5
Let v(a) = -a**3 + 5*a**2 - 2*a - 1. Suppose 4*g = -m + 11, -10*m + 5*m = 2*g - 19. Let x be v(m). Let c(q) = q**3 - 12*q**2 + 13*q - 1. Calculate c(x).
21
Let j(s) be the third derivative of -11*s**5/60 - 7*s**4/24 - s**3 + s**2 - 438. What is j(-3)?
-84
Let c be 86/(-5) - -4*12/240. Let b(j) = j**2 + 20*j + 34. What is b(c)?
-17
Let n(i) be the third derivative of -5*i**4/8 - 14*i**3/3 + 10*i**2 + 358. What is n(-2)?
2
Let q(d) = 317*d**3 - 628*d**3 - 46*d + 1 + 320*d**3 + 45*d. Calculate q(1).
9
Let t(v) = -7*v**2 + 2*v + 4. Let b(n) = n**3 - n**2 + 2*n + 1. Let m(j) = 2*b(j) - 2*t(j). What is m(-6)?
-6
Let n(p) = 357*p + 3213. Let q be n(-9). Let r(y) = -y**2 - 6*y - 3. Determine r(q).
-3
Let s = 21834 - 21815. Let k(i) = -i**3 + 21*i**2 - 38*i + 10. Determine k(s).
10
Let z be ((-2)/2 + 195/180)/2. Let x(n) be the third derivative of 0*n - 5/6*n**3 + z*n**4 + 0 - 3*n**2. Calculate x(6).
1
Suppose -51 + 24 = -3*z. Let c be z/3*(-10)/(-6). Let n(v) = v - 11. Determine n(c).
-6
Let p(f) = f**2 + 2 + f**3 - 2*f - 1 + f**2. Suppose -39 = -2*h - 9*o + 4*o, 71 = 4*h + 3*o. Suppose -h*y + 3*y = 28. Give p(y).
5
Let h(v) = 6*v + 22. Suppose 660 = -147*u + 207*u. Give h(u).
88
Let f(z) = 56*z - 1124. Let l be f(20). Let x(p) = p**2 + 11*p + 25. Give x(l).
-3
Suppose 2*l - l + 41 = -4*y, l = -5*y - 51. Let q(x) = -147*x**3 + 146*x**3 - 5 - 10*x**2 + 1 + x**2 - 4*x + 14*x. What is q(y)?
-4
Suppose 34*z - 254 = 154. Let w(f) = -7*f + 18. Determine w(z).
-66
Let d be ((-420)/(-75))/((-3)/(-15)). Suppose 5*b - o = d, -5*o = -5*b - 8*o + 16. Let a(t) = -t**2 + 5*t - 6. Calculate a(b).
-6
Let h(r) be the first derivative of -79*r**4/4 + r**3/3 + r**2/2 - r + 3466. Calculate h(-1).
78
Suppose -5*b + 5*f + 19 = -1, -4*f = 4. Let a(s) = -9*s**2 + 18*s**2 - s**b + 0*s**2 - 8*s**2 - 3*s**3. What is a(-1)?
5
Let p(s) = s**2 - 4*s - 3. Let x(q) = 2*q**3 - q**2 + 34*q - 76. Let b be x(2). Determine p(b).
-3
Let g(i) = 68 - i - 60 + 49 + 10. Give g(13).
54
Let f(l) = -129 + 99 + 88 + 109 + 17*l. Calculate f(-9).
14
Let q(m) = -m**2 + 287*m - 63. Let v(j) = 45*j. Let n(t) = q(t) - 6*v(t). Give n(6).
3
Let j be (-10)/(-12) + 1081/(-138). Let s(u) = -3*u**3 + 11*u**2 - 2*u - 9. Let k(f) = 2*f**3 - 10*f**2 + f + 9. Let x(a) = 4*k(a) + 3*s(a). Give x(j).
23
Let a(i) be the second derivative of 23*i**3/6 - 46*i**2 + 4486*i. What is a(3)?
-23
Let a(g) = 5*g**2 + 17*g - 18. Let r be a(2). Let t be 192/(-72)*r/16. Let x(w) = -w + 6. What is x(t)?
12
Let y(j) = 9*j**2 + j - 1. Let o(l) = -53*l**2 - 13*l + 8. Let f(g) = -o(g) - 6*y(g). What is f(8)?
-10
Let u(f) = -f**3 + f**2 + 2*f - 7. Suppose 4*b - 6*b + 14 = 0, -3*x = 2*b - 23. Give u(x).
-19
Suppose 2*z = -97 + 17. Let q be (-170)/z - (-1)/(-4). Let p(c) = 4 + c**2 + 286*c - 75*c - 70*c - 77*c - 69*c. Give p(q).
0
Let v(t) = 3*t**3 + 7*t**2 - 4*t - 2. Let l(m) = -9*m**3 - 22*m**2 + 15*m + 7. Let d(i) = -2*l(i) - 7*v(i). Determine d(-1).
0
Let q = 32193 + -32199. Let j(g) = 4*g**3 + 28*g**2 + 33*g + 7. Let d(u) = u**3 + 7*u**2 + 8*u + 2. Let v(m) = -9*d(m) + 2*j(m). Calculate v(q).
-4
Let g(n) be the first derivative of -46 + 0*n + 19/2*n**2. What is g(1)?
19
Let p be ((-398)/(-4))/(-1 - (-7)/14). Let t = p + 196. Let o(l) = 3*l + 1. Determine o(t).
-8
Suppose -3*s + 11 + 4 = 0. Suppose -5*q + 20 = s*o, -q + o + 7 = 5*o. Suppose q*t = x - 11, 2*t + 19 = 5*x - t. Let u(c) = 3*c**2 - 2*c + 1. What is u(x)?
9
Let z(i) = 5*i**2 + 5*i + 6. Suppose -939*l + 941*l = -6. Determine z(l).
36
Let q be 12/(10/(80/24)). Let k(m) = -3*m**2 + 7*m - 9. Determine k(q).
-29
Let p(i) = -95*i - 59 + 287*i - 51*i - 94*i - 2*i**2. Determine p(22).
7
Let d(u) = u + 3. Let w be d(1). Suppose w*b + 6 = 4*k - 2, k = 4*b + 20. Let g(v) = 4*v + 2. Calculate g(b).
-22
Let c(x) be the third derivative of 0 - 1/24*x**4 - 23*x**2 + 0*x + 1/60*x**5 + 5/2*x**3. Give c(0).
15
Suppose x - 2 = -4*r, 4*r + 8 = 2*x + 2*x. Let s(h) be the first derivative of h**2 + 217 - 1/3*h**3 - 3*h. Give s(x).
-3
Let n(q) = 3*q + 6. Let c be n(-11). Let y = 38 + c. Suppose 16 = -5*s + y. Let j(v) = v + 1. Calculate j(s).
0
Let p(q) = 1 - q + 3 + 10 + 1. Let y = 12162 + -12155. Calculate p(y).
8
Let v(i) = -i**3 - 9*i**2 - 10*i - 1. Let k(s) = -s**2 - 44*s - 160. Let x be k(-4). Let o be (3 - 9) + (x - 6) - -5. Give v(o).
-29
Suppose -4*y = -0*h + 5*h - 11, -y = -h + 4. Let k(q) = -2 - 5*q + 4*q - 2*q + 0. Determine k(y).
1
Let q(w) = -54*w + 4 - 53*w - 57*w + 169*w.